t are the prime factors of i(h)?
2
Let o(g) = 3*g**2 - 6*g - 6. Let l(f) = -8*f**2 + 19*f + 18. Let u(b) = -4*l(b) - 11*o(b). What are the prime factors of u(-7)?
3, 5
List the prime factors of 4/(-14) - 395/(-35).
11
Let b be ((-4)/6)/(3/(-18)). Let a be -7 - (-2)/(b/6). What are the prime factors of ((-147)/14)/(3/a)?
2, 7
Let n(w) = -w**2 + 5*w + 3. Let j be n(3). Suppose 86 + j = 5*s. List the prime factors of s.
19
Suppose 0 = -0*f - 3*f + 12. Let q = 7 - f. What are the prime factors of q?
3
Let c = 0 + 4. Let k = 6 - c. List the prime factors of k.
2
Let l = -6 - -27. What are the prime factors of l?
3, 7
Let x be (9/(-15))/((-2)/10). Suppose 4*p = -0*p + w + 149, -2*p - x*w + 57 = 0. List the prime factors of p.
2, 3
Let t(j) = -10*j + 4. What are the prime factors of t(-6)?
2
Let n(b) = b + b + 7*b**2 + 0*b + 2. What are the prime factors of n(-2)?
2, 13
Let t(z) = z**2 - 2*z. Let n be t(5). Suppose n - 4 = -v + 4*q, 0 = v + 3*q - 17. Suppose s = j - 4, -s + 16 = v*j - 2*s. What are the prime factors of j?
3
Let r be (-19)/(-7) + (-6)/(-21). Let o = 6 - r. Suppose o*h - 4*i - 31 = -0*i, -3*h + 36 = -3*i. What are the prime factors of h?
17
List the prime factors of -165*3/2*(-14)/63.
5, 11
Suppose 2*i - 1514 = -5*v, -3*v + 306 = -2*v + 2*i. What are the prime factors of v?
2, 151
Let k = 252 + -124. Suppose 3*j = 3*v + j - 76, 0 = 4*v + 4*j - k. List the prime factors of v.
2, 7
Let h = 1 - -1. Suppose 3*u = -h*u + 60. List the prime factors of u.
2, 3
Let q = -45 + 87. What are the prime factors of q?
2, 3, 7
Let r(j) be the first derivative of -j**2 - 3*j + 22. Let l be 2/5 - (-84)/(-10). List the prime factors of r(l).
13
List the prime factors of (-3)/5 - 426/(-10).
2, 3, 7
Let k = -3 - -5. Let n = 2 + k. Suppose -n*l + l = -4*h - 30, -5*l + 42 = -4*h. List the prime factors of l.
2, 3
Let n(h) = -h + 8. Let x be n(4). Suppose 0 = x*u - 92 - 44. List the prime factors of u.
2, 17
Let t(n) = 20*n**3 - 2*n**2 - 2*n + 2. What are the prime factors of t(2)?
2, 3, 5
Let k(c) = -c**3 + 5*c**2 + 3*c - 4. Let f be k(3). Let i = f - 14. What are the prime factors of i?
3
Let y(j) = -j**3 - 5*j**2 + 4*j - 8. What are the prime factors of y(-6)?
2
Suppose -2*c + 31 = -7. List the prime factors of 5 + (0 - 2) + c.
2, 11
Suppose 0 = 2*z + 27 - 121. What are the prime factors of z?
47
Let f = -6 + 7. Suppose -f = -z - 3. Let y = 4 - z. What are the prime factors of y?
2, 3
Suppose 2 = 5*c - 13. Suppose -5*o - c = 7. List the prime factors of (-3 - o)*(-1 + -5).
2, 3
Let q(v) = -20*v. Let p be q(-1). Suppose 0 = 4*a - 4*b + p - 0, -3*a - 3*b = 21. Let f(i) = -i - 1. What are the prime factors of f(a)?
5
Suppose -10*j = -7*j + 6. Let h(p) = 3*p**2 + 2*p + 1. What are the prime factors of h(j)?
3
Suppose 0 = -3*u - 3 + 6, 4*f - 519 = 5*u. What are the prime factors of f?
131
Let z(t) = -t - 3. Let n(s) = -4*s - 16. Suppose 6 = 4*q + 2*i, 2*i + 12 = 3*q + 2*q. Let a(p) = q*n(p) - 11*z(p). List the prime factors of a(1).
2
Let g = 9 - 4. Suppose 2 = -g*q + 17. Suppose -q*w + 22 = -w. List the prime factors of w.
11
Suppose 23 = n - 3*s + 6*s, -2*n = 3*s - 46. List the prime factors of n.
23
Let s = 8 + -6. Suppose 2*k - 4*k = -2*x + 4, 3*x - s = 5*k. Suppose -6*l + l = 2*z - 11, -5*z + k*l = -42. What are the prime factors of z?
2
List the prime factors of 2/6 - 1883/(-21).
2, 3, 5
Let g(d) = d**2 - 7*d + 6. Let i be g(7). Let c(u) = -u**3 + 6*u**2 + u - 1. Let y be c(i). Suppose -y*a = -3*a - 4. List the prime factors of a.
2
Let c(i) be the second derivative of -i**5/10 - i**4/12 + i**3/6 + 3*i. What are the prime factors of c(-2)?
2, 5
Let s(w) = w**2 - 1. Let a(j) = 6*j**2 - 12*j - 19. Let v(r) = -a(r) + 5*s(r). What are the prime factors of v(11)?
5
Suppose -2*m + 192 = 4*a, -4*a + 68 = -2*m - 108. Suppose 3*u - a = 23. List the prime factors of u.
23
Suppose 3*v = 4*v - 3. Let p(s) = -s**2 - 5*s + 3. Let o be p(-4). Let u = o + v. What are the prime factors of u?
2, 5
Let x(d) = -1. Let j(f) = -f - 4. Let k(o) = 2*j(o) - 11*x(o). What are the prime factors of k(-6)?
3, 5
Suppose -7*m - 182 = -8*m. List the prime factors of m.
2, 7, 13
Suppose 3*a - 2*a = 5, 0 = -q + 4*a - 20. Suppose q = f - 14 - 23. List the prime factors of f.
37
Let k be 18/12*(-56)/6. Let c(q) = q**3 + 15*q**2 + 12*q + 11. What are the prime factors of c(k)?
3, 13
Let p(c) = c + 5. Let x(q) = -3*q - 12. Let g(d) = 12*p(d) + 5*x(d). List the prime factors of g(-2).
2, 3
Suppose -5*r + 441 = 4*y, y - 4*r - 104 = r. List the prime factors of y.
109
Suppose -4*x + 159 = 75. What are the prime factors of x?
3, 7
Suppose -153 = -2*v - v. Suppose 3*b = 3*f - 8*f + v, 0 = -b - 2*f + 17. Suppose 0*h - 3*x = 3*h - 9, -3*h + b = x. List the prime factors of h.
7
Let n be 29 - -1*(-1 + 2). Let q = n - 15. List the prime factors of q.
3, 5
Suppose -6 = -3*m - 27. Let k(f) = f + 1. Let s be k(m). What are the prime factors of ((-3)/s)/((-2)/(-48))?
2, 3
Let g(p) = 2*p**2 + 14*p - 51. What are the prime factors of g(7)?
5, 29
Let v be (5/(-1))/(3/(-12)). Suppose 5*f - 3*m = m + 25, 0 = 4*f - 4*m - v. Suppose 0 = -3*n + r + 26, 3*r + 41 = 5*n - f. What are the prime factors of n?
2
Let j = 134 - 87. What are the prime factors of j?
47
Suppose -3*k = 2*n + 20, -n - 2*n + 2*k = 30. What are the prime factors of 110/9 - n/(-45)?
2, 3
Let n(j) = 10*j**2 + j - 1. Let p be n(1). What are the prime factors of ((-60)/25)/((-2)/p)?
2, 3
Suppose -5*q - q = -534. List the prime factors of q.
89
Let l(u) = u**3 - 6*u**2 - u + 2. Let w be l(6). Let c(f) = -f**3 - 4*f**2 - 4*f + 5. Let g be c(w). Let m = g - 12. What are the prime factors of m?
3
Let m = 2 - -3. Suppose m*q - 225 = -3*v, -v + 300 = 3*v + 2*q. Suppose 4*f + f = v. What are the prime factors of f?
3, 5
Suppose -5*t + 0 = -20. Suppose -t*v - 20 = 0, -4*a = a - v - 65. List the prime factors of a.
2, 3
What are the prime factors of (-4 - (17 - 1))*(-53)/4?
5, 53
Let p be 1 + 0 - (1 + 0). Suppose p = -4*a + a + 9. What are the prime factors of a?
3
Let i be 20/50 + 218/5. Suppose 4*v + 0*v - 20 = 0. Suppose -2*x + 4*r - 2*r + i = 0, v*r = -20. List the prime factors of x.
2, 3
Suppose n + n - 30 = 0. Let q = 7 - n. Let l = q + 11. List the prime factors of l.
3
Let u(r) = r**2 - r + 15. Let h(j) = j**2 + 16. Let d(l) = -5*h(l) + 6*u(l). What are the prime factors of d(7)?
17
Let j(m) = 7*m**2 - 9*m - 4. What are the prime factors of j(-6)?
2, 151
Let u(z) be the first derivative of -z**4/4 + 4*z**3/3 + 3*z**2 + 4*z - 2. Let d = -12 - -17. What are the prime factors of u(d)?
3
Let q(m) = m - 3. Let p be q(5). Suppose -13 = -2*u - p*i + 3, 3*i - 32 = -5*u. List the prime factors of u.
2
Let r = 39 + -25. List the prime factors of r.
2, 7
Let h(a) be the first derivative of -a**3/3 + 7*a**2/2 + 3*a + 1. Suppose 0 = -5*s + 8 + 17. List the prime factors of h(s).
13
Let t = 396 + -199. List the prime factors of t.
197
Let q = -6 - -3. Let h be (-4)/q*12/4. Suppose 2*x - 3*l = -0*l + 7, -x = h*l - 20. List the prime factors of x.
2
Suppose 3*j + 4*t = -13, -2*j + 0*j + t = -6. Suppose -4*h - 4*l + 152 = 0, -3*l - 37 = -h + j. List the prime factors of h.
2, 19
Let q = -25 - -34. Suppose 0 = 3*s + 2*r + 3*r - 27, -q = -s + 2*r. List the prime factors of s.
3
Let h(q) = 84*q - 8. What are the prime factors of h(2)?
2, 5
Let s be 1*-13*(2 + -3). Let q = s - 8. Suppose a = 18 - q. List the prime factors of a.
13
Suppose -2*f - 6 = -26. Suppose 0 = -y - i + f, -i = -3*y + 50. Suppose 5*x - y = -3*o, -o + 3*o - x = 23. List the prime factors of o.
2, 5
Suppose 145 = 2*h - 3*u, -5*h + 419 = u + 65. List the prime factors of h.
71
Let w = 2 + 0. What are the prime factors of 7 + w/(-1) + -1?
2
Let o = -12 - -18. What are the prime factors of o?
2, 3
Suppose -5*k - 2*p = -115, 5*p + 8 = 5*k - 72. Suppose -n = -3*d + k + 21, 5*n - 28 = -2*d. What are the prime factors of d?
2, 7
Suppose -a + 73 = -x, 3*a = -2*a - x + 389. What are the prime factors of a?
7, 11
Let t(d) = -2*d + 5. Let x be t(-6). Suppose 7 = 3*i - x. Suppose 4*g - 24 - i = -4*l, -4*l + 32 = -g. List the prime factors of l.
2
Let n(c) = -c**2 + 11*c + 2. Let t be n(8). Suppose i + j = -3*j - 7, -5*j = -i - 25. Let v = t + i. List the prime factors of v.
11
Let l(v) = v**2 + v. Let u(g)